 5*x + 10 = 0. List the prime factors of f.
2, 7
Suppose -3*y + 38 = -4*a, 4*y - 5*a - 65 = -15. Let j(g) = -g**3 + 11*g**2 - 9*g - 1. What are the prime factors of j(y)?
3
Suppose -2*r - 720 = -14*r. What are the prime factors of r?
2, 3, 5
Let w(f) = -f. Let n be w(5). Let v(d) = d**3 + 4*d**2 - 6*d. Let t be v(n). Suppose 0*m = t*m - 2*i, 3*m + 9 = 3*i. What are the prime factors of m?
2
Suppose -n + 4 + 4 = 0. Let s = n + -6. Suppose s*a - 4 - 6 = 0. List the prime factors of a.
5
Let x(s) = 5*s**2 - 5 - 3 - 3*s**3 + 9*s + 2*s**3. Let b be x(6). Suppose -3*u = -3*q - 2*q + b, -u = -3*q + 10. List the prime factors of q.
5
Let y(a) = -6*a + 3. Let f(b) = b - 10. Let v be f(5). Let l be y(v). List the prime factors of 3*1*l/9.
11
Let f = 0 - 1. Let d = 1 - f. Suppose d*c = -v - 5 + 21, 5*c - 37 = -4*v. List the prime factors of c.
3
Suppose -4*q + 16 = -12. List the prime factors of (-2)/q + 204/28.
7
Let r(u) = u**2 + 12*u. What are the prime factors of r(8)?
2, 5
Let d(u) = u + 6. Let v be d(-4). Suppose -3*r + 32 = -f, -23 = -v*r - f + 2*f. What are the prime factors of r?
3
Let o = -22 - -29. Suppose -o*z + 120 = -2*z. List the prime factors of z.
2, 3
Let b(j) = 10*j**2 - 13*j - 32. List the prime factors of b(-5).
283
Suppose 0*i + 4*i = 124. Suppose q + i = 2*q. List the prime factors of q.
31
Let b(x) = x**3 - 9*x**2 + 8*x. Let t be b(8). Suppose t*u = -u, 135 = 5*f + 5*u. Let a = -13 + f. List the prime factors of a.
2, 7
Let o(k) = -2*k + 19. List the prime factors of o(8).
3
Let a be ((-1)/(-3))/(5/45). Suppose -24 = -a*r + 36. What are the prime factors of r?
2, 5
Let g(z) = -z + 10. Let v be g(7). Suppose v*d + 19 - 52 = 0. What are the prime factors of d?
11
Let z be (9 - 1) + 1 + 0. Suppose z = 5*h - 16. List the prime factors of -1 - -5 - (-5 + h).
2
Suppose 0 = -6*y + 3*y + 24. Let n(c) = 6*c**2 - 3*c**2 + 8*c + 4 - c**3 + 4*c**2. List the prime factors of n(y).
2
Suppose -z - 123 = -4*z. List the prime factors of z.
41
Suppose 0 = -5*r - 4*z - 95, 0*z + z - 40 = 3*r. What are the prime factors of 1/(-3) - 80/r?
5
Suppose 0 = 3*t - 3 - 30. List the prime factors of t.
11
Let a = 3 - 2. List the prime factors of 2 + ((-1)/a)/(-1).
3
Let k = -95 + 135. List the prime factors of k.
2, 5
Suppose 0 = -3*n + 2*n - 9. Let q = -6 - n. What are the prime factors of q?
3
Let l(u) = 5*u + 2. Let d = -11 + 14. List the prime factors of l(d).
17
Let o(s) = -s**3 + 20*s**2 - 34*s + 24. What are the prime factors of o(18)?
2, 3, 5
What are the prime factors of (-2 + (-14)/(-4))*(-11680)/(-60)?
2, 73
Suppose -154 = -10*q + 3*q. List the prime factors of q.
2, 11
Let t(b) = 4*b**2 + 3*b + 1. What are the prime factors of t(-5)?
2, 43
Suppose 0 = -5*u + 3*o - 8, 0 = -5*u - o + 2*o - 16. Let s(l) = l**3 + 2*l**2 - 5*l - 4. Let d be s(u). Let q = d + 27. What are the prime factors of q?
11
Let h = -46 + 85. What are the prime factors of h?
3, 13
Suppose 18 = -5*u + 98. What are the prime factors of u?
2
Suppose 4*x - a + 2 = 0, -3*x - 5 + 3 = -a. Suppose x = i - 2*i - 3*z + 1, -4*i + z = -43. List the prime factors of i.
2, 5
Let p(h) = -4*h + 1. Let d be p(-1). Let r = 9 + d. List the prime factors of r.
2, 7
Suppose -5*b + x + 198 = 0, -206 = -9*b + 4*b - 3*x. What are the prime factors of b?
2, 5
Let l = -59 - -87. What are the prime factors of l?
2, 7
Suppose 3*v + 2 = -13. What are the prime factors of (-45)/v + 0 + -1?
2
Suppose -254 = -8*h + 66. What are the prime factors of h?
2, 5
Suppose -4 = -3*v + 2*v. Suppose 3*n = -4*x + 151, -n + 1 = -v. What are the prime factors of x?
2, 17
Let b(n) = -n**3 + 8*n**2 - 7*n - 10. Let l be b(7). Suppose -3*v = -7*v + 68. Let k = l + v. List the prime factors of k.
7
Let f(r) = r**3 + 4*r**2 - r. Let h be f(-2). List the prime factors of (-4)/3*(-15)/h.
2
Suppose 5*h - 46 = 114. Let w = h - 17. What are the prime factors of w?
3, 5
Let d = -2 - -5. Let i be d*3/9 + 2. Suppose -5*p = -3*u + 44, i*p = -u - u + 4. What are the prime factors of u?
2
Let n(o) = -o**3 - 2 + 6 + 3*o**2 - 3 + 3*o. What are the prime factors of n(3)?
2, 5
Suppose 52 = -3*g - 4*o + 347, -5*g = -4*o - 545. Suppose -g = -4*w - 5. Let v = 37 - w. What are the prime factors of v?
2, 3
Let g(f) = -f**3 - 8*f**2 + 3*f - 7. Let i be g(-9). Suppose y - i = -2*s, -5*y = -4*s + 147 - 46. What are the prime factors of s?
2, 3
Suppose 2*d - 237 - 147 = 3*n, 5*d - 4*n - 967 = 0. List the prime factors of d.
3, 5, 13
Let n(h) be the first derivative of h**2 - h + 2 + 4/3*h**3. List the prime factors of n(-2).
11
Let d = -17 + 55. List the prime factors of d.
2, 19
Let n = -81 - -174. Suppose -4*s = -n + 17. What are the prime factors of s?
19
Let r(s) = 7*s**2 + 3*s - 1. List the prime factors of r(2).
3, 11
Let i(p) = p**3 + 9. Let x be i(0). Let d be (-3 - 0)/(x/96). Let w = 55 + d. What are the prime factors of w?
23
Let b = -1 - -3. Let t(o) = -3*o**2 - o + 2. Let l be t(-6). What are the prime factors of b/(-6) + l/(-12)?
2
Let m(g) = 2*g**2 - 7*g - 3. List the prime factors of m(-7).
2, 3
Let x(g) = -8*g**3 + g**2 + g + 1. Let i be x(-2). Suppose 3*v - 32 - 55 = -5*n, i = 4*n + 5*v. What are the prime factors of n?
2, 3
Let c = -4 - -9. List the prime factors of 12/8 + c/2.
2
Let r be (-2)/(-10) + (-9)/(-5). Suppose 0 = -3*o + 3 + 6, 5*q = -r*o + 11. List the prime factors of q + (1 - 2) - -5.
5
Let w(d) = -d**2 - 6*d - 4. Let s be w(-4). Let h(k) = -k**3 - 9*k**2 - 10*k. Let r be h(-8). List the prime factors of 29/s - 4/r.
7
Suppose -8 - 19 = -3*n. Suppose n = 2*p - 9. List the prime factors of p.
3
Suppose 0 = -4*u + b - 17, 5*u + 8 = -5*b - 32. Let h = 7 - u. What are the prime factors of h?
2, 3
Suppose 0 = -4*i + i + 4*o + 232, -4*i = 4*o - 272. What are the prime factors of i?
2, 3
What are the prime factors of (-28)/(-3)*(1 + 4/8)?
2, 7
Let o be (-4)/6 - 11/(-3). Let a be ((-2)/o)/(8/(-276)). Suppose -5*b + a = -27. What are the prime factors of b?
2, 5
What are the prime factors of 3 + 56 + 0/(-5)?
59
Suppose -3*w - 121 = -2*p, -3*w + 0 = 15. Suppose 0 = 5*n - 3*z - p, 35 - 12 = 2*n - 3*z. List the prime factors of n.
2, 5
Suppose -4*x + 4 = -l + 3*l, -3*l + 6 = 3*x. Let q(j) = -j - 4 - 2*j - l. List the prime factors of q(-5).
3
Suppose 7*a - 2*a = 355. What are the prime factors of a?
71
Suppose 1 = -o + 2. Let u = o + 1. Suppose 4*s - 34 - u = 0. What are the prime factors of s?
3
What are the prime factors of 5*((-1)/(-1) - -15)?
2, 5
Let y(j) = -2*j**2 + 5*j - 2. Suppose 3*r - 20 = -2*r. Let l be y(r). List the prime factors of (l/(-6))/(4/12).
7
Suppose 0*k - 3*k + 12 = 0. Suppose 2*g = -6, 0*s - k*s - 2*g + 38 = 0. What are the prime factors of s?
11
Let z = 24 + -11. Suppose -z = x - 15. What are the prime factors of x?
2
What are the prime factors of (36/(-16) + 2)*-332?
83
Let z(v) = -3*v - 18. Let q be z(-6). Suppose q = -5*g + 4*n + 31, 5*g + 2*n = 50 - 13. What are the prime factors of g?
7
Let a(z) be the first derivative of 13*z**4/4 - z**3/3 - 2. List the prime factors of a(1).
2, 3
Let m(s) = 8*s**3 - s**2 + s. Let k(a) = a - 1. Let j be k(2). What are the prime factors of m(j)?
2
What are the prime factors of 12/(-10)*((-808)/6 - 2)?
2, 41
Let p(l) = 3*l**2 - 11*l + 11. Let b(u) = 2*u**2 + 12 - 8*u + 2*u**2 - 4*u. Let h(r) = 2*b(r) - 3*p(r). List the prime factors of h(6).
3
Let o(g) = g**2 + 6*g + 9. What are the prime factors of o(-10)?
7
Let a = -13 - -95. List the prime factors of a.
2, 41
Let j be 3*-1 + (-28)/(-4). Let m(v) = 3*v - 2. What are the prime factors of m(j)?
2, 5
Suppose -3*f = -2*f - 3. What are the prime factors of -4*(f/(-6) - 0)?
2
Suppose -2*m - 202 = -5*l, -m - 201 = 2*l - 7*l. Suppose -w = 4*z - l, 6*w - w - 40 = -4*z. List the prime factors of z.
2, 5
Suppose -b - 107 = -x - 39, 310 = 5*x + b. What are the prime factors of x?
3, 7
Suppose -5*z + 13 = -22. Suppose 0 = 2*w - 6, -z*o + 26 = -2*o + 2*w. Suppose 2*j + 14 = o*j. What are the prime factors of j?
7
Suppose -3 = -4*s + 17. Let u = s + 7. What are the prime factors of u?
2, 3
Suppose -o - 2 = -2*o. Suppose -5*u + 52 + o = i, -59 = -5*u + 4*i. List the prime factors of u.
11
Let r = 14 + -28. Let s = -12 - -38. Let q = s + r. What are the prime factors of q?
2, 3
Let b(d) = -d**3 - 7*d**2 + 8*d + 5. Let o be b(-8). Supp